{"id":3023,"date":"2025-03-29T15:55:58","date_gmt":"2025-03-29T14:55:58","guid":{"rendered":"https:\/\/www.vins-humbrecht.com\/?page_id=3023"},"modified":"2026-01-02T18:19:16","modified_gmt":"2026-01-02T17:19:16","slug":"les-coulisses-du-vin","status":"publish","type":"page","link":"https:\/\/www.vins-humbrecht.com\/index.php\/les-coulisses-du-vin\/","title":{"rendered":"Les coulisses du Vin"},"content":{"rendered":"\n<p>Plongez au c\u0153ur de notre domaine pour une exp\u00e9rience \u0153nologique unique ! <\/p>\n\n\n\n<p>Vous partirez \u00e0 la d\u00e9couverte de nos caves o\u00f9 nous vous d\u00e9voilerons les secrets de notre savoir faire. Ensuite, vous apprendrez l&rsquo;univers fascinant de la vinification alsacienne pour finir avec une d\u00e9gustation accompagn\u00e9e d&rsquo;amuse-bouche.<\/p>\n\n\n\n<ul class=\"wp-block-list\">\n<li>Visite du chai<\/li>\n\n\n\n<li>Atelier d&rsquo;\u0153nologie<\/li>\n\n\n\n<li>D\u00e9gustation de 7 vins avec 2 amuse-bouches<\/li>\n\n\n\n<li>Dur\u00e9e : 1h30<\/li>\n<\/ul>\n\n\n\n<p><\/p>\n\n\n\n<figure class=\"wp-block-pullquote\"><blockquote><p>R\u00e9servation via le lien ci-dessous<br><\/p><cite><a href=\"https:\/\/my.weezevent.com\/les-coulisses-du-vin-1\">https:\/\/my.weezevent.com\/les-coulisses-du-vin-1<\/a><\/cite><\/blockquote><\/figure>\n\n\n\n<p>Pour toutes informations compl\u00e9mentaires, n&rsquo;h\u00e9sitez pas \u00e0 nous appeler au 0389493151<\/p>\n\n\n\n<figure class=\"wp-block-gallery has-nested-images columns-default is-cropped wp-block-gallery-1 is-layout-flex wp-block-gallery-is-layout-flex\">\n<figure class=\"wp-block-image size-large\"><img loading=\"lazy\" decoding=\"async\" width=\"7000\" height=\"4671\" data-id=\"3028\" src=\"https:\/\/www.vins-humbrecht.com\/wp-content\/uploads\/2025\/03\/DSC0566m-7000x4671.jpg\" alt=\"\" class=\"wp-image-3028\" srcset=\"https:\/\/www.vins-humbrecht.com\/wp-content\/uploads\/2025\/03\/DSC0566m-7000x4671.jpg 7000w, https:\/\/www.vins-humbrecht.com\/wp-content\/uploads\/2025\/03\/DSC0566m-300x200.jpg 300w, https:\/\/www.vins-humbrecht.com\/wp-content\/uploads\/2025\/03\/DSC0566m-768x513.jpg 768w, https:\/\/www.vins-humbrecht.com\/wp-content\/uploads\/2025\/03\/DSC0566m-1536x1025.jpg 1536w, https:\/\/www.vins-humbrecht.com\/wp-content\/uploads\/2025\/03\/DSC0566m-2048x1367.jpg 2048w, https:\/\/www.vins-humbrecht.com\/wp-content\/uploads\/2025\/03\/DSC0566m-600x400.jpg 600w\" sizes=\"auto, (max-width: 7000px) 100vw, 7000px\" \/><\/figure>\n\n\n\n<figure class=\"wp-block-image size-large\"><img loading=\"lazy\" decoding=\"async\" width=\"2560\" height=\"1920\" data-id=\"2612\" src=\"https:\/\/www.vins-humbrecht.com\/wp-content\/uploads\/2022\/11\/IMG_1357-scaled.jpg\" alt=\"\" class=\"wp-image-2612\" srcset=\"https:\/\/www.vins-humbrecht.com\/wp-content\/uploads\/2022\/11\/IMG_1357-scaled.jpg 2560w, https:\/\/www.vins-humbrecht.com\/wp-content\/uploads\/2022\/11\/IMG_1357-300x225.jpg 300w, https:\/\/www.vins-humbrecht.com\/wp-content\/uploads\/2022\/11\/IMG_1357-768x576.jpg 768w, https:\/\/www.vins-humbrecht.com\/wp-content\/uploads\/2022\/11\/IMG_1357-1536x1152.jpg 1536w, https:\/\/www.vins-humbrecht.com\/wp-content\/uploads\/2022\/11\/IMG_1357-2048x1536.jpg 2048w, https:\/\/www.vins-humbrecht.com\/wp-content\/uploads\/2022\/11\/IMG_1357-600x450.jpg 600w\" sizes=\"auto, (max-width: 2560px) 100vw, 2560px\" \/><\/figure>\n\n\n\n<figure class=\"wp-block-image size-large\"><img loading=\"lazy\" decoding=\"async\" width=\"720\" height=\"960\" data-id=\"2144\" src=\"https:\/\/www.vins-humbrecht.com\/wp-content\/uploads\/2021\/01\/126903695_2743085979288337_2623494577926862211_n.jpg\" alt=\"\" class=\"wp-image-2144\" srcset=\"https:\/\/www.vins-humbrecht.com\/wp-content\/uploads\/2021\/01\/126903695_2743085979288337_2623494577926862211_n.jpg 720w, https:\/\/www.vins-humbrecht.com\/wp-content\/uploads\/2021\/01\/126903695_2743085979288337_2623494577926862211_n-225x300.jpg 225w, https:\/\/www.vins-humbrecht.com\/wp-content\/uploads\/2021\/01\/126903695_2743085979288337_2623494577926862211_n-300x400.jpg 300w, https:\/\/www.vins-humbrecht.com\/wp-content\/uploads\/2021\/01\/126903695_2743085979288337_2623494577926862211_n-600x800.jpg 600w\" sizes=\"auto, (max-width: 720px) 100vw, 720px\" \/><\/figure>\n<\/figure>\n","protected":false},"excerpt":{"rendered":"<p>Plongez au c\u0153ur de notre domaine pour une exp\u00e9rience \u0153nologique unique ! Vous partirez \u00e0 la d\u00e9couverte de nos caves o\u00f9 nous vous d\u00e9voilerons les secrets de notre savoir faire. Ensuite, vous apprendrez l&rsquo;univers&#46;&#46;&#46;<\/p>\n","protected":false},"author":1,"featured_media":2612,"parent":0,"menu_order":0,"comment_status":"closed","ping_status":"closed","template":"","meta":{"footnotes":""},"class_list":["post-3023","page","type-page","status-publish","has-post-thumbnail","hentry"],"_links":{"self":[{"href":"https:\/\/www.vins-humbrecht.com\/index.php\/wp-json\/wp\/v2\/pages\/3023","targetHints":{"allow":["GET"]}}],"collection":[{"href":"https:\/\/www.vins-humbrecht.com\/index.php\/wp-json\/wp\/v2\/pages"}],"about":[{"href":"https:\/\/www.vins-humbrecht.com\/index.php\/wp-json\/wp\/v2\/types\/page"}],"author":[{"embeddable":true,"href":"https:\/\/www.vins-humbrecht.com\/index.php\/wp-json\/wp\/v2\/users\/1"}],"replies":[{"embeddable":true,"href":"https:\/\/www.vins-humbrecht.com\/index.php\/wp-json\/wp\/v2\/comments?post=3023"}],"version-history":[{"count":7,"href":"https:\/\/www.vins-humbrecht.com\/index.php\/wp-json\/wp\/v2\/pages\/3023\/revisions"}],"predecessor-version":[{"id":3196,"href":"https:\/\/www.vins-humbrecht.com\/index.php\/wp-json\/wp\/v2\/pages\/3023\/revisions\/3196"}],"wp:featuredmedia":[{"embeddable":true,"href":"https:\/\/www.vins-humbrecht.com\/index.php\/wp-json\/wp\/v2\/media\/2612"}],"wp:attachment":[{"href":"https:\/\/www.vins-humbrecht.com\/index.php\/wp-json\/wp\/v2\/media?parent=3023"}],"curies":[{"name":"wp","href":"https:\/\/api.w.org\/{rel}","templated":true}]}}