{"id":87,"date":"2015-07-20T14:00:47","date_gmt":"2015-07-20T13:00:47","guid":{"rendered":"http:\/\/localhost\/wordpress\/?page_id=87"},"modified":"2025-12-10T08:30:53","modified_gmt":"2025-12-10T07:30:53","slug":"gamme-cote-terre","status":"publish","type":"page","link":"https:\/\/www.vins-humbrecht.com\/index.php\/gamme-cote-terre\/","title":{"rendered":"Gamme C\u00f4t\u00e9 Terre"},"content":{"rendered":"<p style=\"text-align: justify;\"><span style=\"color: #000000;\">La gamme \u00ab\u00a0C\u00f4t\u00e9 Terre\u00a0\u00bb d\u00e9veloppe des vins plus puissants et intenses avec une grande richesse aromatique.<\/span><\/p>\n<p style=\"text-align: justify;\"><strong><span style=\"color: #000000;\">Riesling C\u00f4t\u00e9 Terre 2023\u00a0 BIODYNAMIQUE<\/span><\/strong><\/p>\n<table style=\"border: 5px solid #eee; font-size: 12px; color: #fff;\" width=\"100%\" cellspacing=\"0\">\n<tbody>\n<tr>\n<td style=\"width: 1000px; text-align: justify;\"><span style=\"color: #808080;\"><strong>Situation : Pfaffenheim<\/strong><\/span><\/td>\n<td style=\"width: 200px;\" rowspan=\"10\"><span style=\"color: #808080;\"><strong><a style=\"color: #808080;\" href=\"http:\/\/www.vins-humbrecht.com\/wp-content\/uploads\/2015\/10\/RieslingCT.jpg\"><img loading=\"lazy\" decoding=\"async\" class=\"alignnone wp-image-702\" src=\"http:\/\/www.vins-humbrecht.com\/wp-content\/uploads\/2015\/10\/RieslingCT-200x300.jpg\" alt=\"\" width=\"117\" height=\"175\" srcset=\"https:\/\/www.vins-humbrecht.com\/wp-content\/uploads\/2015\/10\/RieslingCT-200x300.jpg 200w, https:\/\/www.vins-humbrecht.com\/wp-content\/uploads\/2015\/10\/RieslingCT-300x450.jpg 300w, https:\/\/www.vins-humbrecht.com\/wp-content\/uploads\/2015\/10\/RieslingCT.jpg 481w\" sizes=\"auto, (max-width: 117px) 100vw, 117px\" \/><\/a><\/strong><\/span><\/td>\n<\/tr>\n<tr>\n<td style=\"width: 1000px; text-align: justify;\"><span style=\"color: #808080;\"><strong>C\u00e9page : 100% Riesling<\/strong><\/span><\/td>\n<\/tr>\n<tr>\n<td style=\"width: 1000px; text-align: justify;\"><span style=\"color: #808080;\"><strong>12.89 % vol.<\/strong><\/span><\/td>\n<\/tr>\n<tr>\n<td style=\"width: 1000px; text-align: justify;\"><span style=\"color: #808080;\"><strong>Sucre restant : 3.2 g\/l<\/strong><\/span><\/td>\n<\/tr>\n<tr>\n<td style=\"width: 1000px; text-align: justify;\"><span style=\"color: #808080;\"><strong>Acidit\u00e9 totale : 4.02 g par litre en H2SO4<\/strong><\/span><\/td>\n<\/tr>\n<tr>\n<td style=\"width: 1000px; text-align: justify;\"><span style=\"color: #808080;\"><strong>Sulfites totaux : 63 mg\/l sur 90 mg autoris\u00e9s<\/strong><\/span><\/td>\n<\/tr>\n<tr>\n<td style=\"width: 1000px; text-align: justify;\"><span style=\"color: #808080;\"><strong>Temp\u00e9rature : 10\u00b0-12\u00b0<\/strong><\/span><\/td>\n<\/tr>\n<tr>\n<td style=\"width: 1000px; text-align: justify;\"><span style=\"color: #808080;\"><strong>Indice d&rsquo;expression : 1<\/strong><\/span><\/td>\n<\/tr>\n<tr>\n<td style=\"width: 1000px; text-align: justify;\"><span style=\"color: #808080;\"><b style=\"color: #808080;\">Note de d\u00e9gustation : Attaque franche avec une belle rondeur en fin de bouche sur des notes de fruits <\/b><span style=\"color: #808080;\"><b>exotiques<\/b><\/span><b style=\"color: #808080;\"> et min\u00e9rales avec des nuances de fleurs blanches.<\/b><\/span><\/td>\n<\/tr>\n<tr>\n<td style=\"width: 1000px; text-align: justify;\"><span style=\"color: #808080;\"><strong>Accord : Accompagne les poissons et les crustac\u00e9s cuisin\u00e9s au beurre ou \u00e0 la cr\u00e8me ainsi que les viandes blanches.<\/strong><\/span><\/p>\n<p><span style=\"color: #808080;\"><strong>PRIX : 12.30\u20ac<\/strong><\/span><\/td>\n<\/tr>\n<\/tbody>\n<\/table>\n<p style=\"text-align: justify;\"><strong><span style=\"color: #000000;\">Pinot Gris C\u00f4t\u00e9 Terre 2023 BIODYNAMIQUE<\/span><\/strong><\/p>\n<table style=\"border: 5px solid #eee; font-size: 12px; color: #fff;\" width=\"100%\" cellspacing=\"0\">\n<tbody>\n<tr>\n<td style=\"width: 1000px; text-align: justify;\"><span style=\"color: #808080;\"><strong>Situation : Gueberschwihr-Pfaffenheim<\/strong><\/span><\/td>\n<td style=\"width: 200px;\" rowspan=\"10\"><span style=\"color: #808080;\"><strong><a style=\"color: #808080;\" href=\"http:\/\/www.vins-humbrecht.com\/wp-content\/uploads\/2015\/10\/PinotGrisCT.jpg\"><img loading=\"lazy\" decoding=\"async\" class=\"alignnone wp-image-696\" src=\"http:\/\/www.vins-humbrecht.com\/wp-content\/uploads\/2015\/10\/PinotGrisCT-200x300.jpg\" alt=\"\" width=\"117\" height=\"175\" srcset=\"https:\/\/www.vins-humbrecht.com\/wp-content\/uploads\/2015\/10\/PinotGrisCT-200x300.jpg 200w, https:\/\/www.vins-humbrecht.com\/wp-content\/uploads\/2015\/10\/PinotGrisCT-300x450.jpg 300w, https:\/\/www.vins-humbrecht.com\/wp-content\/uploads\/2015\/10\/PinotGrisCT.jpg 481w\" sizes=\"auto, (max-width: 117px) 100vw, 117px\" \/><\/a><\/strong><\/span><\/td>\n<\/tr>\n<tr>\n<td style=\"width: 1000px; text-align: justify;\"><span style=\"color: #808080;\"><strong>C\u00e9page : 100% Pinot-Gris<\/strong><\/span><\/td>\n<\/tr>\n<tr>\n<td style=\"width: 1000px; text-align: justify;\"><span style=\"color: #808080;\"><strong>13.70 % vol.<\/strong><\/span><\/td>\n<\/tr>\n<tr>\n<td style=\"width: 1000px; text-align: justify;\"><span style=\"color: #808080;\"><strong>Sucre restant : 18.7 g\/l<\/strong><\/span><\/td>\n<\/tr>\n<tr>\n<td style=\"width: 1000px; text-align: justify;\"><span style=\"color: #808080;\"><strong>Acidit\u00e9 totale : 3.37 g par litre en H2SO4<\/strong><\/span><\/td>\n<\/tr>\n<tr>\n<td style=\"width: 1000px; text-align: justify;\"><span style=\"color: #808080;\"><strong>Sulfites totaux : 113 mg\/l sur 120 mg autoris\u00e9s<\/strong><\/span><\/td>\n<\/tr>\n<tr>\n<td style=\"width: 1000px; text-align: justify;\"><span style=\"color: #808080;\"><strong>Temp\u00e9rature : 10\u00b0-12\u00b0<\/strong><\/span><\/td>\n<\/tr>\n<tr>\n<td style=\"width: 1000px; text-align: justify;\"><span style=\"color: #808080;\"><strong>Indice d&rsquo;expression : 3<\/strong><\/span><\/td>\n<\/tr>\n<tr>\n<td style=\"width: 1000px; text-align: justify;\"><span style=\"color: #808080;\"><strong>Note de d\u00e9gustation : Nez fruit\u00e9 aux notes de p\u00eache et d&rsquo;abricot. Moelleux en bouche, \u00e9quilibr\u00e9, avec une finale sur la richesse avec des notes de miel, de p\u00eache, et de mirabelle<\/strong><\/span><\/td>\n<\/tr>\n<tr>\n<td style=\"width: 1000px; text-align: justify;\"><span style=\"color: #808080;\"><strong>Accord : Excellent avec le Foie Gras, la cuisine exotique sucr\u00e9e-sal\u00e9e, il agr\u00e9mente \u00e9galement vos ap\u00e9ritifs d\u00eenatoires et r\u00e9ceptions.<\/strong><\/span><\/p>\n<p><span style=\"color: #808080;\"><strong>PRIX : 12.30\u20ac<\/strong><\/span><\/td>\n<\/tr>\n<\/tbody>\n<\/table>\n<p style=\"text-align: justify;\"><strong><span style=\"color: #000000;\">Gewurztraminer C\u00f4t\u00e9 Terre 2023 BIODYNAMIQUE<\/span><\/strong><\/p>\n<table style=\"border: 5px solid #eee; font-size: 12px; color: #fff;\" width=\"100%\" cellspacing=\"0\">\n<tbody>\n<tr>\n<td style=\"width: 1000px; text-align: justify;\"><span style=\"color: #808080;\">S<strong>ituation : Eguisheim<\/strong><\/span><\/td>\n<td style=\"width: 200px;\" rowspan=\"10\"><span style=\"color: #808080;\"><strong><a style=\"color: #808080;\" href=\"http:\/\/www.vins-humbrecht.com\/wp-content\/uploads\/2015\/10\/GewurztCT.jpg\"><img loading=\"lazy\" decoding=\"async\" class=\"alignnone wp-image-687\" src=\"http:\/\/www.vins-humbrecht.com\/wp-content\/uploads\/2015\/10\/GewurztCT-200x300.jpg\" alt=\"\" width=\"117\" height=\"175\" srcset=\"https:\/\/www.vins-humbrecht.com\/wp-content\/uploads\/2015\/10\/GewurztCT-200x300.jpg 200w, https:\/\/www.vins-humbrecht.com\/wp-content\/uploads\/2015\/10\/GewurztCT-300x450.jpg 300w, https:\/\/www.vins-humbrecht.com\/wp-content\/uploads\/2015\/10\/GewurztCT.jpg 481w\" sizes=\"auto, (max-width: 117px) 100vw, 117px\" \/><\/a><\/strong><\/span><\/td>\n<\/tr>\n<tr>\n<td style=\"width: 1000px; text-align: justify;\"><span style=\"color: #808080;\"><strong>C\u00e9page : 100% Gewurztraminer<\/strong><\/span><\/td>\n<\/tr>\n<tr>\n<td style=\"width: 1000px; text-align: justify;\"><span style=\"color: #808080;\"><strong>13,13 % vol.<\/strong><\/span><\/td>\n<\/tr>\n<tr>\n<td style=\"width: 1000px; text-align: justify;\"><span style=\"color: #808080;\"><strong>Sucre restant : 23 g\/l<\/strong><\/span><\/td>\n<\/tr>\n<tr>\n<td style=\"width: 1000px; text-align: justify;\"><span style=\"color: #808080;\"><strong>Acidit\u00e9 totale : 2.67 g par litre en H2SO4<\/strong><\/span><\/td>\n<\/tr>\n<tr>\n<td style=\"width: 1000px; text-align: justify;\"><span style=\"color: #808080;\"><strong>Sulfites totaux : 115 mg\/l\u00a0<\/strong><\/span><\/td>\n<\/tr>\n<tr>\n<td style=\"width: 1000px; text-align: justify;\"><span style=\"color: #808080;\"><strong>Temp\u00e9rature : 10\u00b0-12\u00b0<\/strong><\/span><\/td>\n<\/tr>\n<tr>\n<td style=\"width: 1000px; text-align: justify;\"><span style=\"color: #808080;\"><strong>Indice d&rsquo;expression : 2-3<\/strong><\/span><\/td>\n<\/tr>\n<tr>\n<td style=\"width: 1000px; text-align: justify;\"><span style=\"color: #808080;\"><strong>Note de d\u00e9gustation : Floral et \u00e9pic\u00e9,\u00a0l\u00e9g\u00e8rement moelleux<\/strong><\/span><\/td>\n<\/tr>\n<tr>\n<td style=\"width: 1000px; text-align: justify;\"><span style=\"color: #808080;\"><strong>Accord : Parfait \u00e0 l&rsquo;ap\u00e9ritif, avec les desserts ou tout simplement en dehors des repas.<\/strong><\/span><\/p>\n<p><span style=\"color: #808080;\"><strong>PRIX : 12.30\u20ac<\/strong><\/span><\/td>\n<\/tr>\n<\/tbody>\n<\/table>\n<p style=\"text-align: justify;\"><strong><span style=\"color: #000000;\">Pinot Noir C\u00f4t\u00e9 Terre 2024 BIODYNAMIQUE<\/span><\/strong><\/p>\n<table style=\"border: 5px solid #eeeeee; font-size: 12px; color: #ffffff; height: 379px;\" width=\"962\" cellspacing=\"0\">\n<tbody>\n<tr>\n<td style=\"width: 1000px; text-align: justify;\"><span style=\"color: #808080;\"><strong>Situation : Gueberschwihr<\/strong><\/span><\/td>\n<td style=\"width: 200px;\" rowspan=\"10\"><span style=\"color: #808080;\"><strong><img loading=\"lazy\" decoding=\"async\" class=\"alignnone wp-image-698\" src=\"http:\/\/www.vins-humbrecht.com\/wp-content\/uploads\/2015\/10\/PinotNoirCT.jpg\" width=\"117\" height=\"175\" srcset=\"https:\/\/www.vins-humbrecht.com\/wp-content\/uploads\/2015\/10\/PinotNoirCT.jpg 481w, https:\/\/www.vins-humbrecht.com\/wp-content\/uploads\/2015\/10\/PinotNoirCT-300x450.jpg 300w, https:\/\/www.vins-humbrecht.com\/wp-content\/uploads\/2015\/10\/PinotNoirCT-200x300.jpg 200w\" sizes=\"auto, (max-width: 117px) 100vw, 117px\" \/><\/strong><\/span><\/td>\n<\/tr>\n<tr>\n<td style=\"width: 1000px; text-align: justify;\"><span style=\"color: #808080;\"><strong>C\u00e9page : 100% Pinot Noir<\/strong><\/span><\/td>\n<\/tr>\n<tr>\n<td style=\"width: 1000px; text-align: justify;\"><span style=\"color: #808080;\"><strong>12.55 % vol.<\/strong><\/span><\/td>\n<\/tr>\n<tr>\n<td style=\"width: 1000px; text-align: justify;\"><span style=\"color: #808080;\"><strong>Sucre restant : 1 g\/l<\/strong><\/span><\/td>\n<\/tr>\n<tr>\n<td style=\"width: 1000px; text-align: justify;\"><span style=\"color: #808080;\"><strong>Acidit\u00e9 totale : 3.57 g par litre en H2SO4<\/strong><\/span><\/td>\n<\/tr>\n<tr>\n<td style=\"width: 1000px; text-align: justify;\"><span style=\"color: #808080;\"><strong>Sulfites : 46 mg\/l sur 70 mg autoris\u00e9s<\/strong><\/span><\/td>\n<\/tr>\n<tr>\n<td style=\"width: 1000px; text-align: justify;\"><span style=\"color: #808080;\"><strong>Temp\u00e9rature : 10\u00b0-12\u00b0 en \u00e9t\u00e9, chambr\u00e9 en hiver<\/strong><\/span><\/td>\n<\/tr>\n<tr>\n<td style=\"width: 1000px; text-align: justify;\"><span style=\"color: #808080;\"><strong>Indice d&rsquo;expression : 1<\/strong><\/span><\/td>\n<\/tr>\n<tr>\n<td style=\"width: 1000px; text-align: justify;\"><span style=\"color: #808080;\"><strong>Note de d\u00e9gustation : Notes de cerise et de framboise, souple et gouleyant avec une finale fruit\u00e9e et croquante.<\/strong><\/span><\/td>\n<\/tr>\n<tr>\n<td style=\"width: 1000px; text-align: justify;\"><span style=\"color: #808080;\"><strong>Accord : Accompagne les viandes rouges, les grillades, les charcuteries ainsi que les fromages.<\/strong><\/span><\/p>\n<p><span style=\"color: #808080;\"><strong>PRIX : 12.10\u20ac<\/strong><\/span><\/td>\n<\/tr>\n<\/tbody>\n<\/table>\n","protected":false},"excerpt":{"rendered":"<p>La gamme \u00ab\u00a0C\u00f4t\u00e9 Terre\u00a0\u00bb d\u00e9veloppe des vins plus puissants et intenses avec une grande richesse aromatique. Riesling C\u00f4t\u00e9 Terre 2023\u00a0 BIODYNAMIQUE Situation : Pfaffenheim C\u00e9page : 100% Riesling 12.89 % vol. Sucre restant :&#46;&#46;&#46;<\/p>\n","protected":false},"author":1,"featured_media":0,"parent":0,"menu_order":0,"comment_status":"closed","ping_status":"open","template":"","meta":{"footnotes":""},"class_list":["post-87","page","type-page","status-publish","hentry"],"_links":{"self":[{"href":"https:\/\/www.vins-humbrecht.com\/index.php\/wp-json\/wp\/v2\/pages\/87","targetHints":{"allow":["GET"]}}],"collection":[{"href":"https:\/\/www.vins-humbrecht.com\/index.php\/wp-json\/wp\/v2\/pages"}],"about":[{"href":"https:\/\/www.vins-humbrecht.com\/index.php\/wp-json\/wp\/v2\/types\/page"}],"author":[{"embeddable":true,"href":"https:\/\/www.vins-humbrecht.com\/index.php\/wp-json\/wp\/v2\/users\/1"}],"replies":[{"embeddable":true,"href":"https:\/\/www.vins-humbrecht.com\/index.php\/wp-json\/wp\/v2\/comments?post=87"}],"version-history":[{"count":90,"href":"https:\/\/www.vins-humbrecht.com\/index.php\/wp-json\/wp\/v2\/pages\/87\/revisions"}],"predecessor-version":[{"id":3188,"href":"https:\/\/www.vins-humbrecht.com\/index.php\/wp-json\/wp\/v2\/pages\/87\/revisions\/3188"}],"wp:attachment":[{"href":"https:\/\/www.vins-humbrecht.com\/index.php\/wp-json\/wp\/v2\/media?parent=87"}],"curies":[{"name":"wp","href":"https:\/\/api.w.org\/{rel}","templated":true}]}}